{"id":2,"date":"2008-01-05T12:56:47","date_gmt":"2008-01-05T17:56:47","guid":{"rendered":""},"modified":"2014-07-19T19:49:24","modified_gmt":"2014-07-20T02:49:24","slug":"about","status":"publish","type":"page","link":"http:\/\/www.nomadicminds.org\/blogs\/about\/","title":{"rendered":"About Sin-Yaw"},"content":{"rendered":"<style type=\"text\/css\">\nbody {text=\"#000000\" bgcolor=\"#FFFFFF\" link=\"#0000FF\" vlink=\"#FF0000\" alink=\"#FF0000\" background=\"sywback.jpg\"}<\/p>\n<p>table {cellspacing=\"5\" width=\"100%\"}\ntd {align=\"left\"  valign=\"top\"}\np {font-family: Arial}\n<\/style>\n<p>&nbsp;<br \/>\n<img src=\"\/blogs\/wp-content\/uploads\/2008\/01\/headshot.jpg\" border=\"0\" width=\"150\" style=\"float: left\" \/><\/p>\n<p>Sin-Yaw Wang is a father of 2 daughters and husband to a beloved wife.  He is a curious person with a keen interest in computer software. He has worked in silicon valley as a software practitioner since 1984.  For three years starting 2005, he lived and worked in Beijing, China, to oversee an MNC&#8217;s (Multi-National Corporation) China engineering activities.  He came back to Silicon Valley in 2008 and has lived in Seattle since 2010.<\/p>\n<p>His software career began as an engineer in a start-up.  Since then, he experienced large and small corporations, developing wide varieties of software products.  He gradually shifted to managerial starting at 1992. Sin-Yaw has focused on operating systems and large system software development in recent years.<\/p>\n<p>Sin-Yaw, with a heritage in FuJian, grew up in Taiwan and left the island in 1982 after graduating from <a href=\"http:\/\/www.tku.edu.tw\">Tamkang University<\/a>, majoring in Mechanical Engineering.  In the US, he earned a master&#8217;s degree in Manufacuring Technology from <a href=\"http:\/\/www.asu.edu\">Arizona State University<\/a> in 1984.  While working in silicon valley, he received master degrees in Computer Science and Business Administration from <a href=\"http:\/\/www.scu.edu\">Santa Clara University<\/a> in 1990 and 1997.  He has no plan for more degrees.<\/p>\n<hr>\n<p>\u00e7\u017d\u2039\u00e6\u02dc\u0178\u00e8\u20ac\u20ac\u00e6\u0153\u2030\u00e6\u201e\u203a\u00e5\u00a6\u00bb\u00e5\u008f\u0160\u00e4\u00ba\u0152\u00e5\u00a5\u00b3,\u00e7\u201d\u0178\u00e6\u20ac\u00a7\u00e5\u00a5\u00bd\u00e5\u00a5\u2021,\u00e5\u00b0\u008d\u00e9\u203a\u00bb\u00e8\u2026\u00a6\u00e8\u00bb\u0178\u00e4\u00bb\u00b6\u00e5\u00b0\u00a4\u00e5\u2026\u00b6\u00e6\u0153\u2030\u00e8\u02c6\u02c6\u00e8\u00b6\u00a3. \u00e8\u2021\u00aa1984\u00e5\u00b9\u00b4,\u00e4\u00bb\u2013\u00e5\u0153\u00a8\u00e7\u00be\u017d\u00e5\u0152\u2014\u00e5\u0160\u00a0\u00e5\u00b7\u017e\u00e5\u0178\u00b7\u00e6\u00a5\u00ad\u00e8\u00bb\u0178\u00e4\u00bb\u00b6\u00e9\u2013\u2039\u00e7\u2122\u00bc. 2005\u00e5\u00b9\u00b4\u00e8\u00b5\u00b7,\u00e5\u00a5\u2030\u00e6\u00b4\u00be\u00e8\u2021\u00b3\u00e5\u0152\u2014\u00e4\u00ba\u00ac\u00e4\u00b8\u2030\u00e5\u00b9\u00b4,\u00e4\u00b8\u00bb\u00e6\u0152\u0081\u00e5\u00a4\u2013\u00e4\u00bc\u0081\u00e5\u2026\u00ac\u00e5\u008f\u00b8\u00e4\u00b8\u00ad\u00e5\u0153\u2039\u00e5\u008d\u20ac\u00e7\u0161\u201e\u00e8\u00bb\u0178\u00e4\u00bb\u00b6\u00e5\u00b7\u00a5\u00e7\u00a8\u2039\u00e6\u00a5\u00ad\u00e5\u2039\u2122. 2008\u00e5\u00b9\u00b4\u00e5\u203a\u017e\u00e7\u00a1\u2026\u00e8\u00b0\u00b7. 2010\u00e5\u00b9\u00b4\u00e6\u02dc\u00a5\u00e9\u0081\u00b7\u00e5\u00b1\u2026\u00e8\u00a5\u00bf\u00e9\u203a\u2026\u00e5\u0153\u2013.<\/p>\n<p>\u00e6\u02dc\u0178\u00e8\u20ac\u20ac\u00e5\u02c6\u009d\u00e6\u2013\u00bc\u00e7\u00a1\u2026\u00e8\u00b0\u00b7\u00e5\u2030\u00b5\u00e6\u0160\u2022\u00e5\u2026\u00ac\u00e5\u008f\u00b8\u00e4\u00bb\u00bb\u00e8\u00bb\u0178\u00e4\u00bb\u00b6\u00e5\u00b7\u00a5\u00e7\u00a8\u2039\u00e5\u00b8\u00ab. \u00e5\u00be\u0152\u00e8\u00bd\u2030\u00e4\u00bb\u00bb\u00e5\u00a4\u00a7\u00e5\u00b0\u008f\u00e5\u2026\u00ac\u00e5\u008f\u00b8,\u00e8\u2021\u00b4\u00e5\u0160\u203a\u00e8\u00bb\u0178\u00e4\u00bb\u00b6\u00e9\u2013\u2039\u00e7\u2122\u00bc\u00e5\u00b7\u00a5\u00e4\u00bd\u0153. 1992\u00e8\u00b5\u00b7,\u00e9\u20ac\u0090\u00e6\u00bc\u00b8\u00e8\u00bd\u2030\u00e5\u2026\u00a5\u00e7\u00ae\u00a1\u00e7\u0090\u2020\u00e9\u0161\u017d\u00e5\u00b1\u00a4. \u00e8\u00bf\u2018\u00e5\u00b9\u00b4\u00e5\u00b0\u02c6\u00e6\u201d\u00bb\u00e6\u201c\u008d\u00e4\u00bd\u0153\u00e7\u00b3\u00bb\u00e7\u00b5\u00b1\u00e5\u008f\u0160\u00e5\u00a4\u00a7\u00e5\u017e\u2039\u00e7\u00b3\u00bb\u00e7\u00b5\u00b1\u00e8\u00bb\u0178\u00e4\u00bb\u00b6\u00e9\u2013\u2039\u00e7\u2122\u00bc\u00e9\u00a0\u02dc\u00e5\u0178\u0178.<\/p>\n<p>\u00e6\u02dc\u0178\u00e8\u20ac\u20ac\u00e7\u00a5\u2013\u00e7\u00b1\u008d\u00e7\u00a6\u008f\u00e5\u00bb\u00ba\u00e6\u00ad\u00a6\u00e5\u00a4\u00b7,\u00e7\u201d\u0178\u00e6\u2013\u00bc\u00e5\u008f\u00b0\u00e7\u0081\u00a3. <a href=\"http:\/\/www.tku.edu.tw\">\u00e6\u00b7\u00a1\u00e6\u00b1\u0178<\/a>\u00e6\u00a9\u0178\u00e6\u00a2\u00b0\u00e7\u00b3\u00bb\u00e7\u2022\u00a2\u00e6\u00a5\u00ad\u00e5\u00be\u0152. 1982\u00e5\u00b9\u00b4\u00e8\u00b5\u00b4\u00e7\u00be\u017d\u00e6\u00b7\u00b1\u00e9\u20ac\u00a0. 1984\u00e5\u00b9\u00b4\u00e6\u2013\u00bc<a href=\"http:\/\/www.asu.edu\">Arizona State University<\/a>\u00e5\u00be\u2014\u00e6\u00a9\u0178\u00e6\u00a2\u00b0\u00e8\u00a3\u00bd\u00e9\u20ac\u00a0\u00e7\u00a2\u00a9\u00e5\u00a3\u00ab. \u00e7\u00a1\u2026\u00e8\u00b0\u00b7\u00e5\u00b7\u00a5\u00e9\u00a4\u02dc,\u00e5\u0153\u00a81990\u00e5\u008f\u01601997\u00e6\u2013\u00bc<a href=\"http:\/\/www.scu.edu\">Santa Clara University<\/a>\u00e5\u0090\u201e\u00e5\u008f\u2013\u00e5\u00be\u2014\u00e9\u203a\u00bb\u00e7\u00ae\u2014\u00e7\u00a2\u00a9\u00e5\u00a3\u00ab,\u00e5\u008f\u0160\u00e4\u00bc\u0081\u00e7\u00ae\u00a1\u00e7\u00a2\u00a9\u00e5\u00a3\u00ab. \u00e6\u00ad\u00a4\u00e5\u00be\u0152\u00e4\u00b8\u008d\u00e5\u2020\u008d\u00e6\u00b1\u201a\u00e5\u2026\u00b6\u00e4\u00bb\u2013\u00e5\u00ad\u00b8\u00e4\u00bd\u008d.<\/p>\n","protected":false},"excerpt":{"rendered":"<p>&nbsp; Sin-Yaw Wang is a father of 2 daughters and husband to a beloved wife. He is a curious person with a keen interest in computer software. He has worked in silicon valley as a software practitioner since 1984. For &hellip; <a href=\"http:\/\/www.nomadicminds.org\/blogs\/about\/\">Continue reading <span class=\"meta-nav\">&rarr;<\/span><\/a><\/p>\n","protected":false},"author":1,"featured_media":0,"parent":0,"menu_order":0,"comment_status":"closed","ping_status":"closed","template":"","meta":[],"_links":{"self":[{"href":"http:\/\/www.nomadicminds.org\/blogs\/wp-json\/wp\/v2\/pages\/2"}],"collection":[{"href":"http:\/\/www.nomadicminds.org\/blogs\/wp-json\/wp\/v2\/pages"}],"about":[{"href":"http:\/\/www.nomadicminds.org\/blogs\/wp-json\/wp\/v2\/types\/page"}],"author":[{"embeddable":true,"href":"http:\/\/www.nomadicminds.org\/blogs\/wp-json\/wp\/v2\/users\/1"}],"replies":[{"embeddable":true,"href":"http:\/\/www.nomadicminds.org\/blogs\/wp-json\/wp\/v2\/comments?post=2"}],"version-history":[{"count":15,"href":"http:\/\/www.nomadicminds.org\/blogs\/wp-json\/wp\/v2\/pages\/2\/revisions"}],"predecessor-version":[{"id":7184,"href":"http:\/\/www.nomadicminds.org\/blogs\/wp-json\/wp\/v2\/pages\/2\/revisions\/7184"}],"wp:attachment":[{"href":"http:\/\/www.nomadicminds.org\/blogs\/wp-json\/wp\/v2\/media?parent=2"}],"curies":[{"name":"wp","href":"https:\/\/api.w.org\/{rel}","templated":true}]}}